ppose 0 = 5*k + f - 1147, 711 + 173 = 4*k + 5*f. Calculate the remainder when k is divided by 48.
39
Suppose -28*f + 1003 = -1797. Calculate the remainder when f is divided by 62.
38
Let i(w) = -w**3 + 5*w**2 - 2*w + 13. Let v be i(-3). Let g = 104 - v. Calculate the remainder when 193 is divided by g.
11
Suppose -62*p + 22*p = -2800. Suppose 4*b - 7*b = -192. Suppose -7*u = b - 197. Calculate the remainder when p is divided by u.
13
What is the remainder when 204 is divided by (-4935)/(-77) - (-10)/(-110)?
12
Suppose 151 = 16*u + 23. Calculate the remainder when 486 is divided by u.
6
Let d = -31 + 37. Let m be (d/(-3))/(4/(-62)). Let q = m + -21. What is the remainder when 28 is divided by q?
8
Let d = 7 + 1. Suppose -3*h - 294 - 432 = 0. Let i = h + 274. What is the remainder when i is divided by d?
0
Let u(t) = 11*t - 34. Let r be u(17). Suppose -4*m = m + f - r, 0 = -4*m + 5*f + 105. Calculate the remainder when m is divided by 4.
2
What is the remainder when ((1 - 4) + 12)/((-948)/136 + 7) is divided by 103?
100
Suppose 18 = -0*j + j. Let s(i) = 5*i**2 + 27*i + 44. Calculate the remainder when j is divided by s(-2).
8
Let u be (9 - (-31 + 5)) + 6. Suppose -d = 5 - u. Calculate the remainder when 89 is divided by d.
17
Suppose -14*n - 16*n - 10720 = -97*n. Calculate the remainder when n is divided by 92.
68
Let w(f) = 5*f**3 + 17*f**2 + 22*f - 57. Calculate the remainder when 5167 is divided by w(9).
4
Let m(f) = f**2 - 66*f + 840. What is the remainder when 403 is divided by m(17)?
4
Calculate the remainder when 2178 is divided by ((-12)/(-10))/((-4*12/160)/(-6)).
18
Suppose -5*l + 6*q + 7 = 5*q, 0 = 4*l + 2*q. Suppose 10*g - 1 + l = 0. Suppose g = 8*t - 299 + 59. Calculate the remainder when 117 is divided by t.
27
Let x be (-2)/5*7*(-41 - -61). Let l = x + 48. What is the remainder when 258 is divided by ((-195)/10)/(3/l)?
50
Let s = -298 - -300. Suppose -4*d + k = -43 - 25, -17 = -d + s*k. Calculate the remainder when 82 is divided by d.
14
Let a(y) = 37*y**2 + 7*y - 6. Suppose 3*c + 17 = 2*o - 0*o, 4*o - 29 = 5*c. Suppose 2*r + 75 = 3*r. Calculate the remainder when r is divided by a(o).
37
Let l = 1 - -3. Suppose -4 - 11 = -l*p - 3*m, -5*m = -4*p + 7. Suppose -p*g = -4*g - 2*w + 20, -2*g + 2*w = -58. What is the remainder when 95 is divided by g?
17
Let g be 66/(-72)*-4 - 2/3. Suppose -2*l - 4*f + 4 = 2, 0 = -g*l + 3*f + 12. Suppose 8*q = l*q + 160. What is the remainder when q is divided by 5?
2
Let l = -499 + 504. Suppose 0 = -11*t + 7*t - 4, l*n = 4*t + 99. Calculate the remainder when 31 is divided by n.
12
Suppose 33*q - 145 - 218 = 0. Calculate the remainder when 79 is divided by q.
2
Let w(k) = 11*k + 184. Let o be w(-14). Let s(i) = -i**3 + 31*i**2 - 19*i + 15. Calculate the remainder when s(o) is divided by 29.
26
Let k be (-28)/126 - ((-352)/(-18))/2. Suppose -2*c = 2*t - 6, t - 2*c = 6 - 3. What is the remainder when t is divided by 44/(-110) + (-34)/k?
0
Suppose 0 = 24*c - 67*c - 62*c + 2940. Let o(i) = -9*i**3 + i**2 + i**2 + 5*i - 4*i. Calculate the remainder when o(-2) is divided by c.
22
Let g(b) = -b**3 + 9*b**2 + 20*b - 20. Let p be g(11). Let r = -40 - p. Let x(w) = 3*w**3 - 3*w**2 + w + 1. Calculate the remainder when 54 is divided by x(r).
9
Suppose -8352 + 43902 = -50*u. Let c = u - -974. Let g = 174 - 121. Calculate the remainder when c is divided by g.
51
Suppose -204 = -6*h - 2*r, 4*r = -3*h + 7*r + 102. What is the remainder when 83 is divided by h?
15
Let g be 7 - 411/(-9)*-3. Let h = -1 - g. Let b = -34 - -67. Calculate the remainder when h is divided by b.
30
Suppose -81*g + 70*g + 3201 = 0. Suppose -2*x - 2*z + g = -101, -4*x = -z - 769. What is the remainder when x is divided by 13?
11
Suppose 19300 = -6*h + 24712. Calculate the remainder when h is divided by 20.
2
Calculate the remainder when 2771 is divided by 3146/52 - (26/12 - 6/9).
57
Suppose 1862*p - 1856*p - 39537 + 11595 = 0. What is the remainder when p is divided by 79?
75
Let r(h) = -17*h**3 - 152*h**2 + 10*h + 31. Calculate the remainder when 1891 is divided by r(-9).
21
Suppose 7 + 277 = 4*c. What is the remainder when c is divided by (-13)/(26/(-90)) - 3?
29
Let w be ((-27)/(-12))/(-2*6/64). Calculate the remainder when 4/w - ((-212)/(-6))/(-1) is divided by 8.
3
Suppose -s + o + 4 = 0, -24*o = -19*o + 5. Suppose 201 = 2*w - s*u, -2*w + 4*u + 221 = 5*u. What is the remainder when w is divided by 55?
53
Let a be -611 + 0 + -1 + -3. Let i = a + 662. Calculate the remainder when i is divided by 17.
13
Let n be 232/9 + (12/27)/2. Let b be (-13)/n - (-6)/(-4). Calculate the remainder when (-1)/(((-1)/b)/((-82)/2)) is divided by 12.
10
Let a(h) = -129*h + 4961. Calculate the remainder when 6055 is divided by a(15).
3
Let y(i) = 11*i - 17. Let d be y(2). Calculate the remainder when -124*(-2 - d/(-40)*10) is divided by 11.
5
Let t(z) = 2*z**2 - 2*z - 1. Let s be t(-1). Suppose -s*a - a = -424. Let m = -74 + a. What is the remainder when m is divided by 9?
5
Suppose -7*c + 9 = -12. Suppose 3*w = 4*y - 24, 37 + 3 = -5*w - c*y. Calculate the remainder when 21 is divided by 15*(-5)/50*w.
9
Suppose 0 = 5*o + v - 3, 0*v + 9 = -2*o + 3*v. Suppose 0 = -o*q + 2*q - 6. What is the remainder when 45/(-6)*(-48)/30 is divided by q?
0
Suppose 4*p = 5*t + 139, -2*p + p - t = -28. Let c(j) = -9*j - 108. Let h be c(-12). Suppose -8*r + 7*r + 17 = h. What is the remainder when p is divided by r?
14
Suppose -2*q - 4*w + 42 = 40, -q + 21 = -2*w. Calculate the remainder when 195/3 + -2 + -2 is divided by q.
6
Let c = 190 - 185. Suppose -f = -c*t + t - 56, 4*f - 2*t - 154 = 0. Calculate the remainder when 250 is divided by f.
34
Suppose 4*t = -3*b + 1329, 5*t - 2*t = -b + 998. Let s = t + -322. Calculate the remainder when 50 is divided by s.
6
Let t = 29442 - 17144. What is the remainder when 231 is divided by t/430 - 2/(-5)?
28
What is the remainder when -4 - 13*2*7*(-220)/70 is divided by 45?
28
Suppose -329*k = -320*k - 333. Suppose -3*w + 2*i = -40, -3*w = -2*w + 5*i - 36. Calculate the remainder when k is divided by w.
5
Let g = -4965 - -5256. Calculate the remainder when 309 is divided by g.
18
Let p(c) = 10*c**2 + 4*c + 20. What is the remainder when p(-7) is divided by 97?
94
Let y = 43445 - 27232. Calculate the remainder when y is divided by 134.
133
What is the remainder when (2 + -59)/((972/(-2574))/18) is divided by 247?
0
Suppose 691*j - 1480 = 689*j - 2*p, -p = -5*j + 3688. Calculate the remainder when j is divided by 55.
23
Calculate the remainder when 681/7 - (-2)/(-7) is divided by (-4)/34 - ((-1708)/68 - 0).
22
Let j = -35 + 164. Let h(m) = 632*m + 12667. Calculate the remainder when j is divided by h(-20).
21
Suppose -12*u + 38 = 2. Suppose 5*v = u*x - 1295, -52*x + 48*x = -4*v - 1724. What is the remainder when x is divided by 6?
4
Let b(m) = 2*m**3 + 3*m**2 + m + 2. Let q = -53 + 51. Let h be b(q). What is the remainder when (-4 - -2) + 21 + h is divided by 6?
3
What is the remainder when 17555 is divided by (-105)/(-6)*(-20)/(-25)?
13
Let i(t) = 9*t - 3. Suppose -4*x = 597*c - 596*c - 1208, 3*c + 562 = 2*x. What is the remainder when x is divided by i(7)?
59
Let h = 9540 + -9534. Suppose -5 = -2*r + 7. Calculate the remainder when r is divided by h.
0
Suppose 11*r - 23*r = -372. What is the remainder when 337 is divided by r?
27
Suppose -838*r + 842*r = 32. Let g be ((-4)/(-6))/((-5)/(-45)). Suppose -g*s + 10*s - 56 = 0. Calculate the remainder when s is divided by r.
6
Let j(v) = -844*v + 748. Calculate the remainder when j(-4) is divided by 172.
168
Let i = 77 - 23. Let b = 28 + -19. Suppose -4*z + b*z + 5*v = 145, -5*v = 4*z - 116. What is the remainder when i is divided by z?
25
Let f be (-14)/10 + 1 + 114/10. Let i(b) = -b**3 + 10*b**2 + 15*b - 15. What is the remainder when i(f) is divided by 10?
9
Let d(y) = -y**3 - 7*y**2 - 3*y - 16. What is the remainder when 121 is divided by d(-7)?
1
Let x(d) be the second derivative of -d**5/20 + d**4/3 + 2*d**3 - 13*d**2/2 - 72*d. What is the remainder when x(4) is divided by 26?
9
Suppose -l - 6*k + k + 15 = 0, -2*k + 45 = 3*l. Let q = -33 + l. Let u = 31 + q. Calculate the remainder when 37 is divided by u.
11
Let c(x) = 17*x - 33. Suppose 3*t + 3*d = 6, -4*d = 4*t - 9*d - 53. What is the re